t f(c) = c**3 - c**2 + c + 1. Let s(b) = -3*b**3 - 4*b - 9. Let v(n) = 4*f(n) + s(n). Determine v(4).
-5
Let v = 9 - 3. Let w(n) = -3*n - v - n + n. Determine w(-4).
6
Let m(h) = 11*h - 5. Let b(n) = 3*n - 2. Let t(j) = 7*b(j) - 2*m(j). Let r = -10 + 7. Give t(r).
-1
Let f(t) = t**2 - 3*t - 1. Suppose -23 - 16 = 2*s - c, 3*s + 51 = -c. Let b = -8 - s. Let n(g) = g**3 - 11*g**2 + 10*g + 4. Let j be n(b). Calculate f(j).
3
Let a = 4 + -12. Let f = 7 + a. Let w(y) = 2*y**3 + 6*y**2 + 5*y - 4. Let s(t) = -7*t**3 - 17*t**2 - 14*t + 11. Let b(c) = -4*s(c) - 11*w(c). Calculate b(f).
-5
Let a(j) = -j + 2. Let p(t) = -t + 1. Let z(l) = -6*a(l) + 5*p(l). Let c(g) = 5*g - 28. Let n(u) = -2*c(u) + 9*z(u). Calculate n(-3).
-4
Let j(h) = h + 2*h + 3 - 2*h. Let f = 14 + -8. Suppose n = f*n + 20. Give j(n).
-1
Let f(l) = -l - 6. Let n(m) = m + 7. Let h(k) = 6*f(k) + 5*n(k). Determine h(5).
-6
Let k = -6 + 11. Suppose -4 = -x + 3*p + k, 2 = 2*x + 2*p. Let g(q) = q**3 - x*q**2 + q - 2 - 3*q + q. What is g(3)?
-5
Let l = 863 + -103559/120. Let k(p) be the third derivative of l*p**6 + 0*p + 5/24*p**4 + p**3 + 0 + 1/10*p**5 - p**2. Give k(-5).
6
Let b(h) = -h**3 - h. Let r(u) = 7*u**3 + u**2 + 4*u. Let w(g) = -6*b(g) - r(g). Let d = -1 - 1. Calculate w(d).
0
Let n(m) = 5*m + 2. Let t be (1 - (-2)/10)*5/(-2). Calculate n(t).
-13
Let q(i) be the third derivative of -i**4/12 + 4*i**3/3 + 2*i**2 - 2. What is q(7)?
-6
Let o = -6 + 1. Let p(j) be the second derivative of 0 + j**3 + 1/20*j**5 + 2*j + 1/2*j**4 + 5/2*j**2. What is p(o)?
0
Let m(a) = a**2 + 12. Let n be 1 + 1 + 4/4. Let f = 5 - n. Let c be (-2 - -2)/(f - 3). Determine m(c).
12
Let f(y) = 2*y - 8. Let n(g) = g - 7. Let k(l) = -5*f(l) + 6*n(l). Suppose 4 + 7 = u. Let b(z) = -z + 9. Let t be b(u). What is k(t)?
6
Let k be -1 + ((-4)/(-2) - -1). Let y(n) = -k - 5 + 3*n - n**3 - n**2 + 3*n**2 + 3. Calculate y(3).
-4
Suppose 5*w = 2*w + 9. Suppose 4*j = 5*s + 18, w*j + 0 - 2 = -2*s. Let a(l) = l - 3*l**3 + 6 + 4*l**3 - j*l**3. Give a(0).
6
Let v(x) = 2 - 1 - 25*x + 23*x. Give v(-7).
15
Let f(q) be the second derivative of q**3/6 + 3*q**2/2 - 2*q. Let y be 6/8 - (-3)/12. Let r be 0 + (y - 1) - 4. Calculate f(r).
-1
Let p be (-3 + 4)*(-1 + 5). Let b(k) = -k**2 + 3*k - 6. Determine b(p).
-10
Suppose 0 = -2*i - 3*i + 50. Let f = 6 - i. Let p(b) = b**3 + 5*b**2 + 4*b + 3. What is p(f)?
3
Let x(j) be the first derivative of j**3/3 - j**2/2 - 8*j + 1. Give x(0).
-8
Let a(g) = 3 - 7 - g**2 + 0 + 0*g**2 + 6*g. Let f = 11 - -2. Suppose -5*r + 33 = f. Calculate a(r).
4
Let s be 16/(-6)*33/(-22). Let c(a) be the first derivative of -1 - 5/2*a**2 + 1/4*a**s + 6*a + 4/3*a**3. Give c(-5).
6
Let h(n) = -4*n + 2. Let f be (-4)/((-8)/(-6)) - -5. Suppose 4*v = f*v + 4. Give h(v).
-6
Let b be ((0/(-2))/(-2))/(-2). Suppose b = 3*g - 6*g + 3. Let k(i) = -3*i**3 + 1. Calculate k(g).
-2
Let l(c) = c**3 + 4*c**2 + c - 3. Let d(s) = -s + 12. Let z be d(10). Suppose 0 = -4*h - 14 - z. What is l(h)?
-7
Let g(o) be the first derivative of o**5/60 + o**4/24 - 5*o**3/3 + 4. Let d(z) be the third derivative of g(z). Determine d(-5).
-9
Let s(k) = k**3 - 3*k**2 - 6*k + 6. Let c be (1 + (-9)/(-3))*1. Let o be 5/(-10) + 30/c. Let g = o + -3. What is s(g)?
-2
Let k(r) = -1 + 10*r - 12*r + 3*r**2 - 5*r**2 - 6*r**3. Let z(w) = -w + 3. Let q be z(4). Calculate k(q).
5
Let q be 3 - (-4 - (0 - 5)). Suppose 0 = -q*x - x + 12. Let l(d) = d**3 - 3*d**2 - 2*d + 1. What is l(x)?
9
Let d = 31 - 24. Let f(g) = g**2 - 8*g + 10. What is f(d)?
3
Let n(y) = y**3 + 5*y**2 - 2*y. Suppose -4*x - 32 + 12 = 0. Determine n(x).
10
Let i(d) be the second derivative of 5/2*d**2 + 7/6*d**3 + 1/12*d**4 + 0 + d. Calculate i(-4).
-7
Let w(h) = h**3 - h**2 + h**2 + 2*h + 4*h**2. Let m(n) = -n**2 - 5*n - 3. Suppose 3*s + 40 = -5*c, 0*c - 35 = 4*c + 3*s. Let g be m(c). Determine w(g).
3
Let r(m) be the third derivative of m**6/30 + m**5/30 - m**3/6 - m**2 + 14*m. Give r(1).
5
Let n(g) = g**2. Suppose 4*o - 2*p - 2 = -3*p, -3*p = 4*o + 2. Let z(b) = -b**2 - b. Let q(m) = o*n(m) + 3*z(m). What is q(-2)?
-2
Suppose 0 = -j + 4 + 1. Let d(m) = -m**2 + 4*m + 5. What is d(j)?
0
Let u(p) = -1 + 0*p**2 - 3*p**2 + p**3 + 2*p**2. Let t(b) = -4*b**3 + 7*b**2 + 4. Let h(d) = -t(d) - 5*u(d). Suppose 3*w + l - 2 + 0 = 0, -l = -5. Give h(w).
0
Let f = -8 - -4. Let k(r) be the third derivative of -1/6*r**3 + 0 - r**2 + 0*r + 1/24*r**4. Give k(f).
-5
Let j = 73 - 71. Let l(q) be the third derivative of -1/12*q**4 + 0 + q**2 - 1/120*q**6 + 0*q + 1/15*q**5 - 1/6*q**3. Determine l(j).
3
Let y(f) = 1 + 5*f - 4*f**2 + 2 - f**3 + 1. Suppose 2*z + z - 36 = 0. Suppose i + z = -2*u - i, -u - 9 = 4*i. Determine y(u).
4
Let o(s) be the second derivative of s**5/20 - s**4/2 + s**3/6 + 2*s**2 - 7*s. Give o(6).
10
Let z(m) = -4*m**3 - 25*m**2 - 22*m - 14. Let a(v) = -v**3 - 8*v**2 - 7*v - 5. Let y(w) = -7*a(w) + 2*z(w). Determine y(7).
-7
Let q be (6/(-9))/(4/18). Suppose -5*l + m + 14 = 0, -4 = -3*l - 0*m + 5*m. Let g(b) = -l*b - 3 - 4*b**2 + 6 + 3*b**2. Give g(q).
3
Suppose 4*o - 2*h - 120 = 0, -5*h + 2 = 22. Let s be ((-12)/(-14))/(4/o). Let p(d) = -d**3 + 5*d**2 + 7*d + 2. What is p(s)?
8
Let q = 9 + -16. Let h = 3 + q. Let a be (-1)/h - 1/4. Let t(o) = o**3 + o**2 - o + 5. Give t(a).
5
Let m(d) = 3 + 3*d**2 - 1 - 4 - d - d**3. What is m(2)?
0
Let z = 5 + -7. Let a(u) = -u - 6. Let n(f) = 2. Let m(p) = -4*a(p) - 11*n(p). Determine m(z).
-6
Let s(h) = 52 + 0*h - 50 - h. Determine s(5).
-3
Let w = -7 - -9. Let j(l) be the second derivative of -1/6*l**3 + w*l + 0 - 3/2*l**2. Calculate j(-5).
2
Suppose -3*s = -2*v - 17, -34 = -4*s + 3*v - 6*v. Suppose 0 = 4*c + 5 + s. Let h(y) = y**2 + 5*y + 2. Determine h(c).
-4
Let s(y) = 6*y + 2. Suppose 2*a + 74 - 70 = 0. Calculate s(a).
-10
Let l(r) = -11*r + 7. Let t(b) = -5*b + 4. Let p(f) = -3*l(f) + 7*t(f). What is p(8)?
-9
Let n(m) = m**3 + 18*m**2 + 17*m - 5. Let h be n(-17). Let r(c) = 4*c. Let w(y) = y. Let i(k) = -r(k) + 3*w(k). Give i(h).
5
Let k(g) = 32*g**3 + 6*g - 8. Let i(j) = 11*j**3 + 2*j - 3. Let b(d) = 11*i(d) - 4*k(d). Suppose 2 = -2*t - 0. Calculate b(t).
8
Let o(l) = -6*l + 2. Suppose z = 7 - 5. Give o(z).
-10
Let l(x) = 2 - x**2 + x**2 + x**2. Let r(t) be the first derivative of -t**2/2 - 12*t + 3. Let i be r(-10). What is l(i)?
6
Let x(j) = j + 12. Let r be x(-6). Let q(p) = p + 4*p - r*p - 7*p**3. Determine q(1).
-8
Let v(z) = -3*z + 3. Suppose 5*d + 3*d = -40. Give v(d).
18
Let x(i) = 10*i**3 - 4*i + 1. Let v(k) = -9*k**3 + 5*k - 2. Let r(h) = 2*v(h) + 3*x(h). Determine r(-1).
-11
Let h(u) = -u**2 - u + u + 5*u**3 - 4*u**3. Suppose 1 = 3*b - 2. Determine h(b).
0
Let g(o) = -o - 4. Suppose 4*a + 21 = 1, i - 13 = 3*a. What is g(i)?
-2
Let y(t) = -t**2 + 4. Suppose -3*i = -4*i + 2, -5*i = 4*j + 26. Let h(f) = f**2 + 10*f + 9. Let g be h(j). What is y(g)?
4
Let w(p) be the third derivative of p**6/120 - 3*p**5/20 + p**4/3 + 3*p**2. Calculate w(8).
0
Let k(j) = 3*j - 3 - 4 - j**3 + 7*j - 2*j + 5*j**2. Give k(6).
5
Suppose -2*m + 7*m - 5 = 0. Let q = m - 4. Let l(d) = -d - 2. What is l(q)?
1
Let q(c) = 4*c - 5. Suppose -5*l - 15 = -4*w, 4*w - 21 = -2*l + l. Give q(w).
15
Let y be (-12)/(-14) - (-4)/28. Let r(q) = 6*q + 1. Give r(y).
7
Let b(w) = -w**3 - 5*w**2 + 6*w + 4. Let j be b(-6). Suppose -d = -t - 2, 14 = 2*d - t + j*t. Let s(y) = -2*y + 1. What is s(d)?
-7
Let q(m) = 3. Let p(t) = -2. Let o(w) = 7*p(w) + 5*q(w). Let b(r) = -7*r - 3*r + 14*r - 2. Let g(v) = b(v) + 5*o(v). Determine g(-3).
-9
Let a(x) = -x + 15. Let l be a(13). Suppose 3*n = l + 16. Let j(r) = -r**3 + 6*r**2 + r + 1. Give j(n).
7
Let n = -5 - -5. Let c = n + -4. Let v(r) = r + 5. Give v(c).
1
Let g(d) = 2*d**2 + 4*d - 1. Let f be g(-3). Let c(k) = -f + 2*k + k**3 - 2*k**3 + 4*k**2 + 3*k - k. Calculate c(5).
-10
Suppose r = -3*r + 8. Suppose 1 = o - r. Let m(k) = -k - 3. Give m(o).
-6
Let t = -11 + 16. Suppose t*f + 3 = -2. Let x(b) be the second derivative of -b**4/4 + b. Give x(f).
-3
Suppose g = -2*w + 2*g + 1, 16 = 2*w + 2*g. Let d(z) be the third derivative of 1/60*z**6 + 0*z + 0 - z**2 + 0*z**5 - 1/6*z**w + 0*z**4. Determine d(-1).
-3
Let x(u) = u**3 - 5*u**2 - 2*u + 6. Let z = 72 - 42. Let y be (1/(-3))/((-2)/z). Determine x(y).
-4
Let y(u) = 4 + 0*u**2 - u + 4 - 3*u - 7